nits digit of j(v)?
1
Let z be (27/(-12))/(3/8). Let y be ((-13)/12 + 10/(-15))*-8. Let r = y + z. What is the units digit of r?
8
Let t(g) = g**3 - 5*g + 2. Let h be t(3). Suppose h*w + 138 = 16*w. What is the tens digit of w?
6
Let l = -2 + 6. Suppose -1 = l*v - 3*k, 4*k + 1 + 23 = -v. What is the units digit of (-82)/(-4) - v/8?
1
Suppose -2*j = -6*p + 3*p + 1877, -p = 5*j - 620. What is the hundreds digit of p?
6
Let w(u) = 18*u - 21. What is the tens digit of w(23)?
9
Suppose 14*t = 16*t - 22. Suppose t*r - 8*r = 132. What is the units digit of r?
4
Let h = 246 - 232. What is the units digit of h?
4
Suppose 0*k = -4*k - 116. Let t = k + 57. What is the tens digit of t?
2
Suppose -3*t = -2*t - 2. Let v(q) = 6 + 5*q**2 + 2*q - 6*q - 3. What is the units digit of v(t)?
5
Suppose 0 = 105*h - 93*h - 1524. What is the hundreds digit of h?
1
Suppose -2*q - 3 + 17 = 0. Suppose -q*d + 92 = -3*d. What is the tens digit of d?
2
Let g(i) = -i + 1. Let l(c) = c**2 + c - 17. Let t(w) = 4*g(w) + l(w). What is the tens digit of t(9)?
4
Let y be 1 - (-2 + -1 - 1). Let j = -20 + y. What is the tens digit of (170/j - -3)*-6?
5
Let s be ((-1204)/(-6))/(-2)*-3. Let w = s - 120. What is the units digit of w?
1
Suppose -744 = -3*d - 9*d. Suppose -4*v = v - 10, -22 = 2*h - 2*v. Let l = d - h. What is the units digit of l?
1
Let v be -1 - (-1)/4 - (-6518)/8. What is the units digit of 5*-1 + v/11?
9
Suppose -2*h + 612 = 4*t, -2*t + 66 + 228 = 4*h. What is the units digit of t?
5
Let u = -11 - -30. Suppose -28 = -z + u. What is the tens digit of z?
4
Suppose 48*y = 52*y + 5*l - 4631, 5*y - 2*l - 5797 = 0. What is the thousands digit of y?
1
Suppose -4*h - 62 - 66 = 0. Let j = -47 - h. Let z = j + 23. What is the units digit of z?
8
Let p(w) be the second derivative of 25*w**4/12 + w**3/6 - w**2/2 - 9*w. What is the tens digit of p(1)?
2
Suppose -7*g + 3*g = 4*p - 2864, -4*p = -4*g + 2864. What is the tens digit of g?
1
Let m = 30 + 70. Suppose -466 = -4*f + g + m, -292 = -2*f + 5*g. What is the hundreds digit of f?
1
Let w(m) = 2*m**3 + 6*m**2 - 17*m - 1. Let c be w(7). What is the tens digit of c*7*(-2)/(-35)?
4
Suppose 20 = 5*h + j, 0 = 5*j - 0*j + 25. Suppose h*i + 5*x = -5 - 15, 0 = 5*i + 2*x + 26. What is the units digit of -1*(-3)/i*-4?
2
Suppose 34*h = 36*h - 536. What is the tens digit of h?
6
Suppose -3*n + 4254 = -4*p, 1356 = n - 5*p - 51. What is the tens digit of n?
2
Let g be (656/(-10))/((-2)/5). Let c = -95 + g. What is the tens digit of c?
6
Suppose 53240 = 26*d + 9170. What is the thousands digit of d?
1
Suppose -45 = 3*o - 4*k, -5*o - 3*k - 105 = -1. Let i = o - -35. Let h = i - -26. What is the units digit of h?
2
Suppose 2*b - 1157 = 3*w, -2312 = 3*b - 7*b + 4*w. What is the units digit of b?
7
Suppose -5*v = 4*j - 4735, -2*v = -5*j + 9*j - 4726. What is the thousands digit of j?
1
Suppose 0*g + g - 1 = 0. Let y = -12 - -102. What is the tens digit of 0 + (y/3 - g)?
2
Let t(l) = -l**2 - 20*l - 57. Let o be t(-15). Let h(b) = b**3 - 19*b**2 + 22*b - 4. What is the units digit of h(o)?
8
Let l = -192 + 512. What is the hundreds digit of l?
3
What is the tens digit of 11 + 5 + 5/(-1)?
1
Let v be (-4 - -6 - -2) + -6. What is the tens digit of 2/(-4)*(v - 92)?
4
Suppose 5*i + b + 9810 = 8*i, 0 = -i + 4*b + 3270. What is the units digit of i?
0
Suppose -256 = -4*n + 3*k, -5*n + 3*k + 320 = 2*k. What is the tens digit of n?
6
Let j(k) = 345*k + 155. What is the tens digit of j(9)?
6
Let q be (3 + 4)/(3/114). Let r = q + -146. What is the hundreds digit of r?
1
Let b(a) = 94*a + 146. What is the hundreds digit of b(9)?
9
Suppose 0 = -2*i + 3*k + 3892, 7*k - 7802 = -4*i + 4*k. What is the tens digit of i?
4
Suppose -2*h - 11 = -117. Let o = h - -21. What is the units digit of o?
4
Suppose 5*s - 7 = -3*m, 5*s - s = 3*m + 11. Let o(z) = 6 - z - 4*z + s*z - 7*z + 2*z**2. What is the tens digit of o(7)?
3
Suppose -6*t = 140 - 890. What is the units digit of t?
5
Let l = -237 + 259. What is the tens digit of l?
2
Suppose -5226 = -12*k - k. What is the tens digit of k?
0
Suppose -5*u + u + 5*q + 2080 = 0, -3*u + q = -1560. What is the hundreds digit of u?
5
Suppose 0 = u + u + 4*d - 16, -d = -2. Suppose -4*m + 100 + u = -4*r, -4*r = 12. What is the units digit of m?
3
Let o(z) = -z - 13. Let t be o(-13). Suppose -a + 84 + 11 = t. Suppose -13*m = -8*m - a. What is the tens digit of m?
1
Let p = 711 + -507. What is the hundreds digit of p?
2
Let x = -87 + 263. What is the tens digit of x?
7
Let f(s) = 662*s**3 + 2*s**2 - 37*s + 35. What is the tens digit of f(1)?
6
Let a be 36/12 - 54/(-2). Suppose 3*n = -0*n + a. Suppose 3*d - 38 - n = 0. What is the tens digit of d?
1
Suppose -129*a + 137*a = 2816. What is the units digit of a?
2
Suppose -4*p + 208 = 3*s, 4*s - 123 = -4*p + 157. Let r = -35 + s. What is the tens digit of r?
3
Let c(q) = -88*q - 23. What is the units digit of c(-3)?
1
Let m(o) = 2*o**3 + 2*o**2 - 4*o + 6. Let z be m(2). Suppose -p + z = -4*c + 2*c, -2*p - c = -19. What is the units digit of p?
2
Suppose 3*p - 5*p + 28 = 0. Let i(a) = 4*a**2 + 7*a + 19. Let l be i(-2). Let h = l - p. What is the units digit of h?
7
Suppose -6*q + 49 = 2*k - q, -4*k + q = -43. Suppose -n = 2*z - z + k, -n = 2*z + 21. Let p = z - -20. What is the units digit of p?
1
Let u be (-10)/(-4) - 1/(-2). Let q(h) = 72 + 83 - 148 - h + h**2. What is the tens digit of q(u)?
1
What is the units digit of 2/(-4) + (-1629)/(-6)?
1
What is the units digit of 731/((-16)/56*(-28)/24)?
3
Let t = -6 + 12. Let p = -38 - -39. What is the units digit of ((-10)/(-15))/(p/t)?
4
Let v(u) = 7*u**3 + u**2 - 5*u + 9. What is the hundreds digit of v(4)?
4
Let s = 279 - 444. What is the units digit of (-32)/20*s/3?
8
Let s be (2 - 3) + (-116)/(-2). Let n be 48/2*(147/(-14) + 10). Let o = n + s. What is the units digit of o?
5
Let q be (10/2 - (2 + 0)) + 567. Suppose -12*g + 354 + q = 0. What is the tens digit of g?
7
Let w(o) = 5*o**2 + 3*o - 23. Let x(k) = -11*k**2 - 6*k + 47. Let y(b) = 9*w(b) + 4*x(b). What is the tens digit of y(-15)?
6
Let k(v) = -2*v**2 - 2*v + 380. What is the units digit of k(0)?
0
Let h(t) = 14*t - 3. Suppose 0 = f - 3*f + 6. What is the tens digit of h(f)?
3
Let r(d) = d**2 + 4*d + 5. Let q be r(-2). Suppose -55 = -n + q. What is the units digit of n?
6
Let h(t) = t**2 + 15*t - 6. What is the tens digit of h(11)?
8
Let a = 20 + -10. Suppose i - a = -i. Suppose 2*x - 60 = -4*u, u + i*x = -u + 46. What is the units digit of u?
3
Let a(i) = -3*i - 7. Let c(z) = -z - 3. Let t(r) = 2*a(r) - 5*c(r). Let s be t(-7). Let n(v) = 8*v - 7. What is the units digit of n(s)?
7
Suppose 4*c - 2810 - 2290 = 0. What is the hundreds digit of c?
2
Suppose -57*t + 40*t + 28543 = 0. What is the tens digit of t?
7
Let q(c) = 134*c**2 - 24*c - 50. What is the units digit of q(-6)?
8
Suppose -2*t = 2*s + 224, 310 = -3*s + 5*t + 6. Let y = s - -161. What is the units digit of y?
3
Let o(g) = g**3 - 5*g**2 + 3*g + 6. Let i be o(6). What is the units digit of 6675/i - (-2)/(-8)?
1
Let j be (15/90 + (-209)/(-6))*3. Let y = -11 + j. What is the units digit of y?
4
Let z be (3 + -10)/(4/(-128)). Suppose -z = -2*q - 5*q. What is the tens digit of q?
3
Let n be (-2)/4 - 45/(-18). Suppose -162 = -n*r - 4*v - v, 264 = 4*r - 5*v. What is the tens digit of r?
7
Let j(c) = -35*c + 4. Let f be j(-5). Let h = f + -55. What is the hundreds digit of h?
1
Let d(b) = 35*b - 12. Let w be 1*4 + 9 + -11. What is the tens digit of d(w)?
5
Suppose -4640 = -6*d - 2*d. What is the units digit of d?
0
Suppose n + 1 = -3*p + 7, p - 2 = n. Suppose -p = 7*f - 8*f. Suppose -k = -41 + f. What is the units digit of k?
9
Let q(j) = -j**2 + 11*j - 16. Suppose k - 11 = -3. What is the units digit of q(k)?
8
Let q = 446 - -135. What is the tens digit of q?
8
Suppose -2*n + 651 = -85. What is the tens digit of n/7 + 48/112?
5
Let l(r) = 2*r**3 - 7*r**2 + 8*r - 12. What is the hundreds digit of l(6)?
2
Suppose 30*x - 15*x = 8220. What is the units digit of x?
8
Let o(h) be the second derivative of h**4/12 + 7*h**3/3 + 15*h**2 + 21*h. What is the units digit of o(-17)?
1
Suppose -5*m - 2*o - 2*o + 25 = 0, 0 = -o. Suppose -5*y + 2*w + 229 = w, -245 = -5*y + m*w. What is the tens digit of y?
4
Let k(m) be the first derivative o